. What is the units digit of r?
3
Suppose -16 = y - 5*y. Suppose y*j - 132 = 2*j. What is the units digit of j?
6
Let o be 337 - 1/(4/16). Let k = o - 157. What is the hundreds digit of k?
1
Suppose -5*t + 4*l + 20 = 0, 5*t - l - 12 = 2*t. Let p be 33*t/(-8)*-2. Suppose -5*n + p + 27 = 0. What is the tens digit of n?
1
Let z(p) = -28*p - 1. Let m(l) = 1. Let r(c) = 4*m(c) + z(c). What is the tens digit of r(-5)?
4
Let m(a) = 2*a**2 - 36*a + 48. What is the tens digit of m(22)?
2
Let n(s) be the third derivative of s**4/24 + 9*s**3/2 + 13*s**2. What is the tens digit of n(-13)?
1
Let g be ((-1 - 0) + -4)/(-1). Let h(a) = -2 + 4*a + 3 + 7 - 4. What is the units digit of h(g)?
4
Suppose 5*y = 3 + 32. Let c(t) = -t**3 + 10*t**2 - 5*t + 10. What is the tens digit of c(y)?
2
Let i be (3 - 0 - 222)/(-3). Let u = i - 54. What is the tens digit of u?
1
Suppose p - 8 = -5. Suppose -2*d + 525 = p*d. Suppose -v = 2*v - d. What is the units digit of v?
5
Let j(l) be the third derivative of 5*l**4/24 - 17*l**3/6 - 5*l**2. Let g be j(6). Suppose 3*d + g = k, 0 = 5*k - k + 4*d - 116. What is the tens digit of k?
2
Let f be 18 + -4 - (-10)/2. Suppose f*d + 1626 = 25*d. What is the units digit of d?
1
Let a = -4 - -1. What is the tens digit of 6*(a/(-6) + (-33)/(-2))?
0
What is the tens digit of 2/((-1856)/(-1852) - 1)?
2
Suppose 6 = 5*w - 4. Suppose 3*g - 5*g = -3*m + 52, -3*g = m - 32. What is the units digit of 9*w/(24/m)?
5
Let o(s) = -1. Let c(n) = n**2 - 3. Let w be c(2). Let t(q) = 3*q**3 - 4*q**2 + 3*q - 2. Let h(u) = w*t(u) - 2*o(u). What is the units digit of h(2)?
4
Let s(u) = -u**2 - 2*u + 1. Let z be s(-2). Let g(v) = 7*v + 3 - 2 + 3 - z. What is the units digit of g(3)?
4
Suppose -5*i - 9 = 4*j, -5*j + 10 = -2*i + 46. Let u(s) = -s**3 - 4*s**2 + 6*s + 9. Let t be u(j). Let v = t - 31. What is the tens digit of v?
1
Let i = 1006 + -335. What is the units digit of i?
1
Let m(q) = -q**2 + q - 7. Let c be m(7). Let x(n) = 2*n**2 - 38*n - 8. Let d be x(17). Let y = c - d. What is the tens digit of y?
2
Suppose -2028 = -4*l - 2*k, 2*l + 2*k = -55 + 1073. What is the units digit of l?
5
What is the units digit of (8316/8)/7*2?
7
Let n = 507 + 128. What is the tens digit of n/25 + -6*1/(-10)?
2
Suppose -q - 2 = -3*u + 1, -4*u = 5*q - 80. Let m be 6/q*(1 + -1). Suppose 5*r - 59 - 51 = m. What is the units digit of r?
2
Let c(s) = s**3 + s**2 - s - 1. Let k be c(-2). Let f be 0 - (k + 6) - -58. Let u = -32 + f. What is the units digit of u?
3
Let v = 642 + -607. What is the tens digit of v?
3
Let j(p) = -p**2 - 18*p + 6*p - 11*p - 22. What is the hundreds digit of j(-9)?
1
Let m be (-2)/9 - 328/(-18). Let p = 12 - m. Let n(j) = j**2 - 4. What is the tens digit of n(p)?
3
What is the units digit of ((-4)/(-20))/(1 + (-2844)/2845)?
9
Suppose -96*z - 1286 + 16934 = 0. What is the hundreds digit of z?
1
Let l(n) = -5452*n**3 - 2*n**2 - n + 3. What is the tens digit of l(-1)?
5
Suppose -h + 5*z = -1445, -h + z = -6*h + 7173. What is the thousands digit of h?
1
Let u = 5 + -19. Let d = 37 - u. What is the tens digit of d?
5
Suppose -4*k - 18 = -3*n - 2*k, n + 3*k + 5 = 0. Let z be (-7 - 2*-1)*196/(-70). Suppose -z = -2*r + n. What is the units digit of r?
9
Suppose -3*n - 4*d + 38 = 0, n + 3*d + 15 = 6*n. Suppose -2*q + 16 = n. Suppose l + 10 = -5*x + 60, x = -q*l - 14. What is the tens digit of x?
1
Let b(m) = m + 1. Let a be b(2). Suppose -5 = -4*u + 3*c, a*c + c + 4 = 4*u. Suppose 0 = -u*h + 5*h - 9. What is the units digit of h?
3
Let d(s) = -s**3 + 3*s**2 + 9*s + 3. What is the hundreds digit of d(-10)?
2
Let w = -16 + 6. Let c be (7 + w)*(1 + 0). What is the tens digit of (1 - (-28)/(-6))*c?
1
Let f = 7643 - 2021. What is the hundreds digit of f?
6
Let j(b) = -b**3 + 4*b**2 + 5*b + 3. Suppose -4*a = -4*v, 3*v + 4 = 5*a - 6. Let i be j(v). What is the units digit of -1 - (-6 + i - 20)?
2
Suppose 7*a + 8 = 11*a. Suppose o + 21 = a*b - 4*o, 0 = 3*b + 3*o - 21. Suppose g = -d + b - 1, g - d - 9 = 0. What is the units digit of g?
8
Let p(n) = -n**3 + 2*n**2 - 2*n + 6. Let y(a) = a**2 + 17*a - 23. Let r be y(-18). What is the units digit of p(r)?
1
Let v(t) be the third derivative of -2/3*t**3 - 11/60*t**5 - 12*t**2 - 1/120*t**6 + 0 - 1/24*t**4 + 0*t. What is the units digit of v(-11)?
7
Suppose 5*w + 2 + 8 = 0. Let j(f) = -8*f**3 + f**2 - 16*f. Let c(m) = -12*m**3 + m**2 - 23*m. Let s(o) = 5*c(o) - 7*j(o). What is the units digit of s(w)?
0
Let o = -11 + -45. Let g = 81 + o. What is the tens digit of g?
2
Let h(o) = -o**3 - 6*o**2 - 6*o + 7. Suppose 3*q - 6*q + 3*k + 9 = 0, 47 = 5*q + 3*k. Let j = -12 + q. What is the tens digit of h(j)?
1
Let k be (-80)/(-10)*(-1)/(-2) - -3. Suppose 3*a + 0*a - 9 = 0. Suppose k*u = a*u + 40. What is the units digit of u?
0
Let y(x) = -x**2 + x - 15. Let n be y(0). Let v = -11 - n. What is the units digit of ((-78)/(-12))/(2/v)?
3
Let n = 76 - 81. What is the units digit of -57*(n - (-20)/5)?
7
What is the hundreds digit of 3476/8 - 22/44?
4
Suppose -2*u = -30 - 116. Let p = 14 - -11. Suppose -u = 2*v - 5*v - 5*r, -v + p = 2*r. What is the tens digit of v?
2
Suppose 7*l - 151 = 6*l. What is the tens digit of l - 15/12*4?
4
Suppose 0 = 2*q - 0*q - 10, -2*z = 3*q - 1085. Let m = z - 381. What is the units digit of m?
4
Let c(r) = -r**3 + 5*r**2 + 9*r - 5. Let o be c(6). Suppose -o*n = -8*n - 315. What is the tens digit of n?
6
Let i(x) = -2*x - 11. Let r be i(-9). Suppose r*y = 1230 + 37. What is the hundreds digit of y?
1
Let c(n) = -n + 7. Let i be c(-7). Suppose i = x - 58. What is the tens digit of x/3 - (-3 + 6)?
2
Let y be (7 + -272 - 0)/((-2)/6). Suppose -3*d + 153 + y = 0. What is the tens digit of d?
1
Suppose 0 = -15*g + 9*g - 150. Let m = g + 28. What is the units digit of m?
3
Let m(j) = -j**3 + 17*j**2 + 22*j - 74. Let f be m(18). Suppose -45 - 39 = -2*g. Let z = g - f. What is the units digit of z?
4
Suppose 12764 = 5*j - 2*w, 9*j + 12776 = 14*j + 2*w. What is the thousands digit of j?
2
Suppose f - 2*f + 2 = 3*l, -f = 4*l - 2. Let g(o) = o**2 + 44. What is the units digit of g(l)?
4
What is the units digit of 61616/96 - (-1)/6?
2
Suppose 3*m + 103 = -95. Let y be m/(-14) + 8/28. Suppose 3*c - y*c = -40. What is the tens digit of c?
2
Let j = 26 - 10. What is the units digit of 4/2 - j/(-1)?
8
Let l(m) = -79*m - 12. Let g be l(-4). Suppose g = 8*n - 0*n. What is the tens digit of n?
3
Let t be (36/10)/(6/80). Let g(r) = -r + 10. Let a be g(10). Suppose -5*l + 31 = m - a*m, -2*m + t = -4*l. What is the tens digit of m?
2
Let n(d) = 2*d + 12. Let k be n(-9). Let p be ((-28)/(-12))/((-2)/k). What is the units digit of 142/p + 16/(-56)?
0
Let p(q) = -q**2 + 124. Let m be p(0). Let i = 16 + 3. Suppose 5*n + i - m = 0. What is the tens digit of n?
2
Suppose 3*l - 1 = -10. What is the tens digit of (-6)/10*45*l?
8
Let x be 1/7 - (-2118)/21 - 2. Let j = x + -29. What is the tens digit of j?
7
Let a be (18/5)/(32/80). Let d(w) = w**3 - 8*w**2 - 6*w + 1. What is the units digit of d(a)?
8
Suppose 11*m - 18*m + 1757 = 0. What is the hundreds digit of m?
2
Let z = -183 + 410. Suppose 0 = -3*q - 5*u + z, -5*q + 157 + 216 = 3*u. What is the tens digit of q?
7
Let o(i) = 41*i**2 + i + 1. Let l be o(-1). Suppose -3*v - l = -173. Let w = v - 13. What is the units digit of w?
1
Suppose -4*z + 0*w = 5*w - 41, 6 = 4*z - 2*w. Suppose -z*m + 0*m = -20. Suppose 4*n = m*b - 9 + 318, -b + 327 = 4*n. What is the units digit of n?
1
Let q be (4/(-6))/(12/(-126)). Let d(c) = -c**2 + 22*c - 6. Let g be d(q). Let v = -31 + g. What is the tens digit of v?
6
Let k(s) = -2*s**2 - 4*s - 17. Let a(h) = 3*h**2 + 8*h + 34. Let o(x) = 3*a(x) + 5*k(x). What is the units digit of o(6)?
5
What is the tens digit of (-25)/(-150) + (-8867)/(-6)?
7
Let y = -925 - -1822. What is the hundreds digit of y?
8
Let f(b) = b**3 - 5*b**2 + b - 1. Let l be f(5). Suppose l*q = 5*m + 42, 2*q - 9 = 3*m + 5*q. What is the units digit of 4 + (3 + m)*-20?
4
Let t = -32 + 45. Let b(x) = -x**2 + 19*x - 2. Let s be b(t). Suppose 4*i - s = 148. What is the tens digit of i?
5
Suppose -42*a - 7864 = -217276. What is the units digit of a?
6
Let y(l) = 3*l - 5. Let i be y(-5). Let h = 48 + i. What is the units digit of h?
8
Let i be 4 - (4*2/8 - -95). What is the units digit of (